igit of l?
8
Let b(r) = 7*r - 11. Let a be b(10). What is the tens digit of -4 + 1 + a + -2 + -1?
5
Let x = 49 - 46. Suppose x*s - 81 = -k, -3*k + 4*s = -8*k + 460. What is the tens digit of k?
9
Let n be -6 + (-12)/8*2. Let v = n + 9. Let c(m) = m**3 - 2*m**2 + m + 26. What is the units digit of c(v)?
6
Suppose 4 - 2 = -2*n. What is the tens digit of (6/10)/(n/(-85))?
5
Let q(u) = u**2 - 10*u + 13. Let y be q(11). What is the units digit of 414/y + (-2)/8?
7
Suppose p - 76 = -3*p. Let k(u) = u - 12. Let y be k(p). Let a = y - -17. What is the tens digit of a?
2
Let a = 24 - 33. Let n = 21 + a. What is the units digit of n?
2
What is the tens digit of (-70772)/(-35) + 6/(-105)?
2
Suppose -u = 2*u - 5*l + 7, 5*u = -2*l + 40. Let p = -54 + 29. What is the tens digit of u/((-30)/p)*11?
5
Suppose 0 = -900*u + 908*u - 3616. What is the tens digit of u?
5
Suppose -12 = o - 3*p + 7*p, -5*o + 50 = -2*p. Suppose -2*r - r + 18 = 0. Let f = o - r. What is the units digit of f?
2
Suppose k - 4*s + 0*s = -3, 2*s + 11 = 3*k. Suppose 302 = k*d + 2*t, d + 3*t = t + 54. What is the tens digit of d?
6
Let f(x) = x**2 + 3*x - 23. Let m be f(-7). Suppose l = -2*g + 19, -l + m*l = -4. What is the units digit of g?
0
Let b(m) = m**2 + 8*m + 18. Let t be b(-4). Suppose -34 = -4*o + 5*w + 32, -o = t*w - 23. What is the tens digit of o?
1
Suppose -4*h + 11532 = -5*t, h + t - 1407 - 1476 = 0. What is the tens digit of h?
8
Let f be (7 - (-5 - -10)) + -11*1. What is the units digit of (-6)/27 - (1199/f - 2)?
5
Suppose 0 = -60*o + 53*o + 1183. What is the tens digit of o?
6
Suppose 7685 = 5*c + g, 14*g - 19*g = -25. What is the thousands digit of c?
1
Let m(r) = 2*r**3 - 4*r**2 - 18*r + 75. What is the units digit of m(10)?
5
Suppose w - 495 = 4*n - 7*n, -3*w - 9 = 0. What is the units digit of n?
6
Suppose 2*x = -3*n + 139, 2*n - 3*x + 51 = 3*n. Let m be ((-1)/(-3))/(5/n). What is the units digit of 12/m*-1 - -9?
5
Let o be (102/30 - 3) + (-18)/(-5). Suppose 0 = o*g + 4*g - 192. What is the units digit of g?
4
Let d(u) = u**3 - u**2 - 3*u + 4. Let r be d(8). Suppose -5*a + 182 = -r. What is the tens digit of a?
2
Let t be (490 - (-2 - -2))*(-23)/(-46). Suppose -a - t = -o, 3*o - 763 = -3*a - a. What is the tens digit of o?
4
Suppose -2*i - 2*o - 40 - 40 = 0, -5*i - 4*o - 201 = 0. Let h = 85 - i. What is the units digit of h?
6
Suppose 4*d + 244 = 4*t, 59 = t - 4*d + 2*d. What is the tens digit of t?
6
Suppose -48 + 279 = 4*h + s, -2*s = 4*h - 234. Let q = 131 - h. What is the tens digit of q?
7
Suppose -2437 - 2267 = -8*t. What is the tens digit of t?
8
Suppose 0*k - 3*n + 1396 = 5*k, 0 = 2*k - n - 565. What is the hundreds digit of k?
2
Let i = -39 + 39. Suppose 5*k - 315 = -i*k. What is the tens digit of k?
6
Let a(g) = 58*g - 821. What is the hundreds digit of a(25)?
6
Suppose 5*a + p - 532 = 0, a = p - 6*p + 116. What is the hundreds digit of a?
1
Let v = -1 + 3. Suppose -v*x - 10 = -4. Let z = 6 + x. What is the units digit of z?
3
Let a be (-163)/(-15) + (-6)/(-45). Let w(y) = 4*y + 26. What is the tens digit of w(a)?
7
Suppose 3*w + f + 5 = 2*f, 10 = -4*w + 2*f. Suppose -33*p + 28*p + 15 = w. Suppose 0 = 5*v + p*u - 120, 4*v - u - u - 118 = 0. What is the units digit of v?
7
Suppose -7*l + 365 = -2*l. Let j = l + -18. What is the units digit of j?
5
Suppose 352 = 3*z - 7*z. Let q be z/(-20) - (-2)/(-5). Suppose 0 = -q*c + 3*c + 4*w - 3, -48 = -4*c - 4*w. What is the units digit of c?
9
Let a be 4/4 - 2 - -1. Suppose 0 = -a*v - v. Suppose 3*k = 3*g - 39, v*g - g = k - 17. What is the units digit of g?
5
Let v be (-4)/(-3) + 2492/21. Let f be (8/1)/(3/v). Suppose 0*l = 5*l - f. What is the units digit of l?
4
Suppose 0 = -5*a + 3*o + 1447, a + 0*a - 307 = 5*o. What is the tens digit of a?
8
Let j(f) = -4 - 5 - f**2 + 1 + 0*f**2 - 27*f. What is the units digit of j(-22)?
2
Suppose -2*a = -5*a + 21. Suppose 5*z + 4 + a = 3*c, -4*c - 32 = 5*z. What is the units digit of -18*((-26)/6 - c)?
4
What is the tens digit of 1028 - ((-2)/8)/(9/(-180))?
2
Let s(f) = -f**3 - 3*f**2 - f - 4. Let o be s(-3). Let v be ((-5 - -3) + 11)*o. Let q = v + 51. What is the tens digit of q?
4
Let r(u) = 31*u**2 + 17*u + 21. What is the units digit of r(-4)?
9
Let f = -33 + 18. What is the units digit of 267/1*f/(-45)?
9
Let m(v) = 17*v**2 + 36*v - 12. What is the hundreds digit of m(-13)?
3
Let c(n) = -n**2 + 14*n - 4. Let r be c(14). What is the units digit of ((-140)/r - -2)*5/1?
5
Let g(v) = -4*v + 3 - 9*v**3 - 10 + 3 - 5*v**2 + 5. What is the tens digit of g(-3)?
1
Suppose -a = m - 49 - 17, 3*a - 2*m = 218. What is the tens digit of a?
7
Let d be -3 + (-12)/4 + 39. Let a(l) = -l - 29 + 8*l + d. What is the units digit of a(2)?
8
Let r be (-3)/(-2) - (-2)/4. Suppose 5*j + 3*h = 20, -4*j = -r*j - 2*h - 8. What is the units digit of j?
4
Let d be (-4)/20 - 31/(-5). Let a(c) = d*c - 4 + 6*c - 11*c. What is the units digit of a(6)?
2
Suppose -j + 9*j = 32. Let t = -1 - -1. Suppose t = -d - j*d + 50. What is the tens digit of d?
1
Suppose 4*n - 16 = -0*n. What is the units digit of -90*(n/(-18) + (-16)/90)?
6
Let b be 704/(-121) - ((-4)/11)/(-2). Let r(s) = 2*s**2 + 5*s + 8. What is the tens digit of r(b)?
5
Let y(o) = -3*o - 2. Suppose 0 = -l - 5 + 7. Let u(d) = -3*d + 1. Let a be u(l). What is the tens digit of y(a)?
1
What is the hundreds digit of -6 - -2*1743 - 6?
4
Let b(m) = 4115*m**2 + 11*m - 7. What is the units digit of b(1)?
9
Let p(f) = -f**3 + 12*f**2 - 19*f - 15. Let t be (21 - 22)*(-9)/1. What is the tens digit of p(t)?
5
Let f be -7 + 8 - (-3 - -1). Suppose f*x - 50 = 2*g, 10 = -2*g + 2. Let z = x + -7. What is the units digit of z?
7
Let d be 22/6 + 1/3. Suppose -q = -d*q + 36. Let r = -1 + q. What is the units digit of r?
1
Let x(t) = -3*t**3 - 3*t**2 - 4*t - 4. Let c = -13 - -10. What is the units digit of x(c)?
2
Let l = -10 + 6. Let t(m) = m - 4. Let s be t(l). What is the units digit of -5*(-11 + s/(-2))?
5
Suppose 5206 = 14*m + 1440. What is the units digit of m?
9
Suppose 2*w - 7 = -5*w. Suppose -3*u - z - 27 = 20, 0 = -z - 2. Let x = w - u. What is the tens digit of x?
1
Let d = 1183 - 83. What is the hundreds digit of d?
1
Let m(d) = 5*d**3 - 7*d**2 + 3*d + 11. What is the units digit of m(6)?
7
Let n = 3102 + -847. What is the units digit of n?
5
Let j be (-756)/48 + 2/(-8). What is the tens digit of j/72 - (-461)/9?
5
Suppose 11*r + 2 = 10*r. What is the tens digit of (1 - 3)*33/r?
3
Suppose -5*u = -5*l - 20, u + 3*u - 2*l - 18 = 0. What is the hundreds digit of -1 - (-705)/u - -2?
1
Let d = -1002 + 2673. What is the thousands digit of d?
1
Let f be 65*-2*(-42)/(-105). Let t = 2 - -91. Let o = t + f. What is the tens digit of o?
4
Let f be 6/((-3 - -1) + 0). Let b be (-1 + -5)*1/f. Suppose -b*q - 6 = 0, -2 = -2*z - q + 9. What is the units digit of z?
7
Suppose 10 + 2 = n. Let k = -12 + n. What is the tens digit of 12 + k*2/2?
1
Let f(z) = z + 96. What is the hundreds digit of f(11)?
1
Let t(d) = -3*d**3 - 13*d + 3 + 2*d**3 + 7*d + 6*d**2. Let c be t(4). Suppose 4*o - 17 = c. What is the units digit of o?
7
Suppose 3*k - 149 = 6*p - p, p - 3*k + 37 = 0. What is the units digit of 2/10 + p/(-10)?
3
Let i(r) = -16*r - 2. Let u be i(-2). Suppose -2*b = -b - u. What is the units digit of -4 + 4 + (b - 1)?
9
Let z(h) = -h**3 + 22*h**2 - 36*h + 18. What is the tens digit of z(20)?
9
Let v(h) = 90*h + 20. Let m be v(-9). What is the tens digit of m/(-15) + 8/6?
5
Let o(l) = 2*l**2 - 9*l + 3. Let t be o(6). Let i be (t/35)/(1/45). Suppose 11 = -d + i. What is the tens digit of d?
1
Suppose -7090 = 183*n - 193*n. What is the tens digit of n?
0
Let b(i) = -3*i**2 + 180*i - 72. What is the units digit of b(38)?
6
Let s = -62 - 5. What is the units digit of (-12)/(s/16 + 4)?
4
Let q = -62 - -41. Let r be (-6)/q + 3744/28. Suppose 7*z - r = 5*z. What is the units digit of z?
7
Let w(v) = -v**3 - 2*v**2 + 2*v - 11. Let y be w(-7). Suppose 440 = 2*p - 0*p - b, -b - y = -p. What is the units digit of p?
0
Suppose t + 71*b - 1533 = 68*b, -4*b = 5*t - 7632. What is the thousands digit of t?
1
What is the units digit of 28/7 - (-1029 + (4 - 2))?
1
Let b = -19 - -11. Let x(r) = r**3 + 7*r**2 - 7*r + 9. What is the units digit of x(b)?
1
Suppose y = -3*r + 569 + 1241, -3*y = -5*r +